e ((-1)/(-2)*4)/(8/60). What is the greatest common divisor of f and 12?
3
Suppose v - 34 = -3*q, -4*q = 16*v - 17*v + 6. Calculate the highest common factor of 418 and v.
22
Suppose 0 = -2*l + 3*l - 3. Let d be ((-19)/l)/(1/(-30)). Let g = d - 136. Calculate the greatest common factor of g and 6.
6
Let a be (6/(-2))/(90/(-150)). Calculate the highest common factor of 3 and a.
1
Suppose 3*y - 172 = -y. Let f = y - 29. Calculate the highest common divisor of 98 and f.
14
Let v = 31 - 11. Let r(u) = -u**2 + 7*u + 164. Let k be r(-9). What is the highest common factor of k and v?
20
Suppose -2*c = x + 3*c - 5, 4*x - c + 1 = 0. Suppose -3*b + 139 - 13 = x. What is the greatest common divisor of b and 6?
6
Suppose -a = 1 - 14. Suppose -137*z + 193 = -133*z - 3*s, 0 = 3*s - 15. Calculate the highest common factor of a and z.
13
Let q = -9 - -14. Suppose 0 = -2*t + q*t - 216. Suppose 2*r - t = 80. What is the highest common factor of r and 19?
19
Suppose -137*q = -139*q + 80. Let i(g) = -g**2 - 10*g - 19. Let f be i(-6). What is the greatest common divisor of f and q?
5
Let u(z) = 5*z - 8. Let j(h) = -15*h + 24. Let c(d) = -6*j(d) - 17*u(d). Let k be c(4). What is the greatest common divisor of k and 8?
4
Suppose 0*d + 3*d + k = 98, -d - 4*k + 40 = 0. Suppose 2*b - 20 = -3*b. What is the greatest common factor of b and d?
4
Let o be (-9)/((-27)/12)*-7. Let u be 15/1*(-26 - o). Calculate the greatest common factor of 50 and u.
10
Let q = -68 - -72. Suppose 4*h + q*n - 92 = 44, 2*h - 70 = -n. What is the greatest common divisor of 54 and h?
18
Let h = -37 - -41. Suppose -3*d - d = h*t - 144, 2*d - 4*t - 66 = 0. What is the highest common factor of d and 385?
35
Let w be (1/3)/((-12)/(-144)). Suppose -w*r = -5 - 7. What is the highest common divisor of r and 27?
3
Let x = 31 + 1. Suppose -c + x = -12. Suppose -4*j + 2*j + 8 = 0. What is the greatest common factor of c and j?
4
Suppose 21 = -l + 5*u, -25 = 3*u - 8*u. Calculate the greatest common factor of l and 4.
4
Let r = 1 + 1. Suppose -6*p + 120 = -r*p. Calculate the highest common factor of p and 120.
30
Let j(l) = -328*l - 38. Let p be j(-3). Calculate the greatest common divisor of p and 22.
22
Suppose 39*a + 270 = 57*a. Suppose -5*v = -4*u + 315, -3*u - 3*v = -4*u + 84. Calculate the greatest common factor of a and u.
15
Suppose 233 - 67 = y - s, -4*y = -2*s - 672. Let w(c) = -c**2 + 7*c + 17. Let p be w(0). Calculate the greatest common factor of p and y.
17
Let x be ((6 - 1) + -4)/(2/(-4)). Let y = -5 + 7. Let p be y + 18*1 + x. Calculate the greatest common factor of 27 and p.
9
Let x(u) = -98*u + 18. Let a be x(9). Let v be (-4 + -1)*a/80. Calculate the highest common factor of v and 27.
27
Suppose 126 + 90 = 3*i. Let b be (78/(-325))/((-3)/(-15))*-1*15. What is the greatest common divisor of i and b?
18
Suppose 44*g - 360 = 32*g. What is the greatest common factor of g and 180?
30
Suppose 55*u - 54*u = -2*x + 126, -4*x + 2*u = -268. Calculate the greatest common factor of x and 520.
65
Suppose 3*c = 240 + 321. Let j = 14008 + -13991. What is the highest common divisor of j and c?
17
Suppose 65*h + 551 = 84*h. Let w = 7 + 138. Calculate the greatest common factor of h and w.
29
Suppose -2 = n - 5*m, 2*m - 3 = -2*n + 5. Suppose -n*t = -2*t + 5, 4*t = 2*d - 60. Calculate the highest common divisor of d and 2.
2
Suppose -u + 12 = -13. Suppose -5*h + 4 - 44 = 0. Let m = -3 - h. Calculate the greatest common factor of m and u.
5
Let u(f) = f**3 + 6*f**2 + f - 2. Let y be u(-5). Suppose 4*o = 4*x + 512, -2*o + 212 = 5*x - 30. What is the greatest common factor of y and o?
18
Let y(f) = 15*f**2 - 43*f + 4. Let o be y(3). Calculate the greatest common divisor of o and 110.
10
Let a = 13 - 23. Let s be 30*((-35)/a)/1. Let p = s + -69. Calculate the greatest common divisor of p and 4.
4
Suppose 0 = 5*o + 121 - 526. Let x = o + -65. Calculate the highest common divisor of x and 40.
8
Let d = -54 + 92. Calculate the greatest common divisor of d and 19.
19
Let i = -952 + 973. What is the highest common factor of 336 and i?
21
Let u(z) = z. Let g be u(3). Suppose -g*y + 72 = y. Let k(x) = 9*x. Let a be k(1). What is the greatest common factor of a and y?
9
Let w = 12 - 8. Suppose -53 = -w*v + 23. Let p be (9/6)/(3/76). Calculate the highest common divisor of v and p.
19
Suppose 0 = -7*o + 1723 + 734. What is the greatest common divisor of o and 13?
13
Let s be (-4)/(-8)*-2*-30. Let p = -16 + s. What is the greatest common divisor of 14 and p?
14
Let p(k) = -20*k**3 - 3*k**2 - 3*k - 1. Let z be p(-2). Suppose 26*b = -3*b + 493. What is the greatest common factor of b and z?
17
Suppose 0 = -5*m + 4*d + 16, -5*d - 25 = -5. Let y be (m - -1*14) + 2. Suppose 2*x - 44 + y = 0. Calculate the highest common factor of x and 28.
14
Let q(b) = 2*b**3 + 20*b**2 - 2*b - 20. Let k be q(-10). Suppose k = -0*p + 8*p - 2448. What is the greatest common factor of 34 and p?
34
Let y(o) = o**3 - 10*o**2 + 9*o + 8. Let a be y(9). Let x be 22/a + 36/(-48). Suppose 15 = 3*m - x*m. What is the highest common divisor of m and 5?
5
Suppose 0 = 2*u - i + 285, 7*i = -2*u + 2*i - 303. Let l = u + 165. Calculate the greatest common factor of 105 and l.
21
Suppose 16*l = 4496 + 1504. Calculate the greatest common divisor of l and 50.
25
Suppose -2*a + 2 = -0. Let s be 1/(-2) - 59/(-2). Suppose s*l = 27*l + 22. Calculate the highest common divisor of a and l.
1
Let v(c) = -23*c + 253. Let r be v(8). Calculate the greatest common divisor of 253 and r.
23
Suppose o - 5*o + 372 = 0. Let j be (-10)/65 + (-196)/(-91). Suppose 0 = j*y - 3*i - 30 - 20, i = 5*y - 151. What is the greatest common factor of o and y?
31
Suppose -2*y + 2 = -i + 10, 3 = 3*i + y. Suppose 32 = -i*f + 4*f. Calculate the highest common factor of 24 and f.
8
Suppose 86 = 2*k - 56. Suppose 3*w = -o + 6*o + k, -4 = o. Let z = -98 - -166. What is the greatest common factor of w and z?
17
Suppose 0 = 19*m + 3*m - 22. What is the highest common divisor of 18 and m?
1
Suppose -4*i - 1536 = 3*s - 7382, 5*s + 2*i = 9748. What is the greatest common divisor of s and 78?
78
Suppose -17 = -v + i, 4*v - 56 = 2*i - 4*i. Calculate the greatest common divisor of 105 and v.
15
Let w = 1 + 6. Suppose -w*r - 100 = -2*r. Let s = -17 - r. Calculate the highest common factor of s and 12.
3
Suppose -4*c = -4*n + 824, n - 5*c - 186 = -0*n. Let m = -61 + n. Calculate the highest common factor of m and 100.
50
Let l(z) = 12*z**3 - 3*z**2 + 3. Let s be l(-2). Let r be ((-38)/(-3))/((-10)/s). What is the highest common factor of r and 19?
19
Let c = -300 + 414. Calculate the greatest common divisor of c and 76.
38
Let p = 15 + -18. Let z be (-15 - (p - -2))*-1. What is the greatest common factor of z and 21?
7
Let h = 23 - 37. Let o = h + 19. Suppose 4*t = -3*r + 23, -5*t + 10 + 15 = o*r. What is the greatest common divisor of 20 and t?
4
Suppose -6*z = -z - 840. Suppose -z = -6*a + 2*a. Calculate the highest common divisor of a and 6.
6
Let t = 462 + -215. What is the greatest common factor of 13 and t?
13
Suppose g + 4*k - 90 = -g, 0 = g - 4*k - 57. Calculate the highest common factor of g and 63.
7
Suppose -5*x - 2*d = -0*d - 94, -3*x - 3*d = -60. Suppose -4*j + 4*h = -190 - 186, 0 = 3*j + h - 266. What is the highest common factor of x and j?
18
Suppose -3*a = -4*a + 3*a. Let y be (a + -228)*(2/(-6) + 0). Calculate the highest common factor of y and 19.
19
Suppose 0 = 13*f - 1555 - 4308. Calculate the greatest common factor of 11 and f.
11
Let b be (-2)/12 - (207/54 + -7). What is the greatest common factor of 3 and b?
3
Suppose 3*n = -0*n + 6. Suppose -53 = -4*v + c - n*c, -55 = -5*v - 5*c. Suppose 16 = 3*h - 68. What is the highest common factor of v and h?
14
Let a(b) = b**2 + 4*b + 4. Let g be a(-2). Suppose h = -5*z + 1 + 28, g = h + z - 25. What is the greatest common divisor of 36 and h?
12
Let y(v) = -4*v - 16. Let x be y(-5). Let b be (154 - -13) + 1*x. Calculate the greatest common factor of b and 19.
19
Suppose 1404 = 13*v + 5*v. Suppose 6*t - v = -7*t. What is the greatest common factor of t and 9?
3
Let d be (-21)/7 + (-1)/(2/(-96)). What is the highest common divisor of 180 and d?
45
Let y = -912 + 1325. Calculate the highest common factor of y and 177.
59
Let l = -32 + 25. 